(74 + (24 - 59) - 27).
25
What is the value of (-29 - (0 + -2)) + (37 + -1 - 23)?
-14
Evaluate 44 - 46 - -34 - 33 - (-4 + 1).
2
42 - (65 + (9 - -3))
-35
What is the value of (3 - 8) + -81 + ((-8 - -20) + -6 - 7)?
-87
Evaluate -27 + (29 + 0 - (-24 + 33)) - -18.
11
(4 + (9 - 2) + -12 - 9) + 26 + -8
8
Evaluate -41 + 104 - 158 - -47.
-48
-9 + -17 + -24 + -28
-78
What is 341 - 316 - (4 - -12) - 78?
-69
9 + -130 + -5 + 2 - -11 - (2 - 8)
-107
What is the value of 3 - (48 + -58) - 65?
-52
What is the value of -7 + -4 + 16 - (-6 + (4 - 6) + 54)?
-41
Evaluate (1 - -6) + -18 + 7 + 3 + 8 - 22.
-15
Evaluate -34 + -3 + (-32 - -72) + -16.
-13
What is the value of 27 - (16 - (16 - -29))?
56
Calculate 99 + -33 + (7 - -24) + -25.
72
(24 - 60 - -22) + -12 + 44
18
Evaluate 36 + (4 + 5 - (3 - (-20 + 1))).
23
-12 - (-109 + 8 - (-12 + 8))
85
Evaluate 82 - (-85 - -120 - (10 + -2)).
55
What is the value of (-2 - 2 - (-9 + -20 - -80)) + (-1 - -14)?
-42
Calculate (-28 - (0 + -4)) + 0 - ((42 - 121) + 69).
-14
46 + (5 + -18 - 9) + -19
5
What is -126 + (9 + 7 - 10) + (-12 - -17) + -2?
-117
Calculate -10 + (112 - 48) - 76.
-22
What is the value of -3 + 14 - ((-34 - -37) + (5 - -7)) - 89?
-93
Calculate 0 + 8 + 4 + -69 + 55 + -66 + -8.
-76
What is the value of 69 - (178 + -58) - (0 - (-2 + -1))?
-54
Evaluate -1 - (3 + -2) - ((-41 - -31) + (-2 - -59)).
-49
What is the value of -13 + -2 + -3 + 5 - (-8 - (-15 - -11))?
-9
(7 - 41) + -177 + 130
-81
(2942 - 2870) + (1 - -2) + (-4 - (1 - 15))
85
Calculate -46 + (-62 - 87) - -69.
-126
What is -17 + -2 - -8 - (-4 + 39 + 7 + -6)?
-47
What is 744 + -728 - (0 - 9)?
25
149 - ((-29 + 13 - -57) + -6)
114
Evaluate -17 - -12 - (0 + 4 - -26 - (6 - -1)).
-28
What is the value of (25 - (0 - -29) - -37) + 5?
38
Evaluate 166 - (-10 + 41 - -52).
83
What is 112 - (216 + -221 - (0 + -10))?
107
What is the value of -1 + (-3 - -11 - (21 + -4 - 9))?
-1
Evaluate (27 + 0 - (27 + -19)) + -14 - (13 + -2).
-6
Calculate 1 + (-41 + 68 - 28).
0
Calculate -13 + -7 - (-8 - (-1 - -6)).
-7
Evaluate -43 + -70 + (7 - 13) + 23 - (2 + 4).
-102
-3 + (-2 - -8 - 0) - (-29 - 29)
61
-9 + 3 + (-343 - -357)
8
Calculate 25 - 5 - (-33 + (-70 - -87)).
36
Evaluate -9 + (-10 - (-41 + -8)).
30
21 + (-13 - (-2 - 17) - 14) + 13 + 0
26
What is 4 + -3 - ((11 - 69) + (7 - -5))?
47
What is the value of -15 + 1 + 7 + -53 + 20 + -64 + 32?
-72
11 + (3 - -14 - 22) - -12
18
Calculate (9 - -22 - (52 - 39)) + -62.
-44
Calculate 12 + 15 + (-17 - (-3 - (-1 - -4)) - -2).
18
What is (-89 - -159) + 68 + -191?
-53
6 - 17 - (38 - -3) - -12
-40
Calculate 41 - (7 + (2 + -16 - -10 - (3 - -4))).
45
Calculate (2 - -49 - -7) + -2 + -16 + -3 + 12.
49
Evaluate (-75 - -67) + 14 + -13 + (-4 - 7).
-18
What is the value of 0 + 4 - -2 - (4 + 31 + -38) - 13?
-4
What is the value of -209 + 246 + -48 + -6?
-17
-55 - (-20 + 17 + -4 + 1 + -6)
-43
Evaluate -97 + 7 + (-8 - (12 - 18)) + -14 + 11.
-95
Calculate (-19 - 82) + -5 + 2 + -16 + 11.
-109
Calculate 64 + 1 + 1293 + -1351.
7
Evaluate 9 + 2 - (17 - (-1 - 8 - -2)).
-13
(-9 + 16 - 11 - 6) + 55 - 13
32
Evaluate -19 - ((-154 - -126) + (0 - -7)).
2
What is the value of (115 - (96 + 75)) + -7?
-63
-20 - (-54 - (1 - (1 - 11)))
45
Calculate 29 - -4 - (-1 - -8 - ((-50 - -55) + 13)).
44
What is the value of 204 + -195 - (-28 - 21)?
58
(14 - -38) + -3 + -27 + 11
33
Calculate (-6 - -1) + 1 - 41 - (313 + -313).
-45
What is (-9 + 11 - -17) + (-1 - 7) + -17 + -51?
-57
Calculate (0 - 23) + (61 + -55 - -2).
-15
What is the value of 19 + -124 + (9 - -14) - -35?
-47
-66 - (7 + -55) - (4 - (-3 - -8) - 0)
-17
What is the value of 38 - (2 + (3 - (0 + 14)))?
47
(5 - -31) + (-15 - (14 - 23) - -4)
34
What is 37 + (-33 - -5) + (-8 - (2 - -1))?
-2
-188 - (100 + -127 - 78)
-83
What is -7 - (2 - 10 - (33 + -33 + 1))?
2
What is the value of -65 - (-145 + 53 + 40)?
-13
-26 - (7 - 5 - -13 - -4)
-45
What is the value of -24 + 4 + (-115 - -122) - -76?
63
Evaluate (4 - (7 - 20)) + -360 + 374.
31
(-65 + 2 - 3) + -111 + -67 + 197
-47
Calculate 7 - (-115 - 1) - (2 + (-47 - -22)).
146
-1039 + 1055 - (0 + -28)
44
-17 - (-9 - (-14 - -17)) - (-55 + (6 - 0))
44
What is the value of -1 + 29 + (34 - -18 - 65) - 59?
-44
What is -49 - (2 - (41 - 10))?
-20
Calculate 22 + (28 - 105) - -32.
-23
Evaluate 4 + 66 + (-25 - (13 + -11 + -15)).
58
82 + (-55 - (-10 - -91))
-54
Evaluate (13 - (10 - 7)) + 1 + -1 + -1.
9
Calculate -112 + (16 - (-25 + (6 - -17))).
-94
Calculate 6 + 0 + (-69 - -108).
45
Evaluate -8314 - -8353 - ((-1 - -1) + 0 + 10).
29
What is the value of 102 + -398 - -142 - -50?
-104
What is -888 - -957 - (-7 + 101)?
-25
Evaluate (9 - 18) + -49 - -2.
-56
Evaluate (-10 - -13) + (7 - (-41 - -11)) + -6.
34
-25 + -53 + (-3 - -44)
-37
Calculate (-49 - (30 - 61)) + 32 + -32.
-18
What is the value of 28 + (-42 - -92 - 101)?
-23
What is -157 - -98 - -49 - (-1 + 30 + -3)?
-36
Evaluate (45 + -20 - 53) + -17.
-45
8 + -1 + (-5 - (-8 - (-18 - -6 - -8)))
6
-20 + (-4 + 1 + -121 + 129 - (3 + 1))
-19
What is -30 + 8 + 2 + 23?
3
Evaluate -2 + 20 - 28 - 15 - 37.
-62
What is -4 + 1 - (58 - (-123 + 66))?
-118
Calculate -7 + 30 + (-475 - -523).
71
What is the value of -438 - -442 - (1 + 21) - 12?
-30
What is the value of 0 + 9 + 43 + 19 + -126?
-55
What is the value of 27 - (-175 + 240) - (-2 - (6 - -3))?
-27
Evaluate -28 + -5 + 8 + (35 - 13 - -48).
45
Evaluate -5 + 5 - (1 + -4 + -6) - (321 - 328).
16
7 + -46 + -10 + 61 + 37
49
Calculate -41 - (-84 - (69 + -132)).
-20
Evaluate -18319 - -18299 - (-151 - -1).
130
(181 - 244) + 97 + (-3 - (0 + 1))
30
-4 + 2 + -10 + (54 + (-27 - -5) - -20)
40
What is the value of 8 - -13 - (-3 + 28) - 11?
-15
(-1 - -3) + (-74 - -51) + 14
-7
What is the value of -124 - (97 - (55 - -64))?
-102
Evaluate 2768 - 2810 - (-120 + 1).
77
What is -13 - (0 + -2) - (-61 + -50 + 72)?
28
Evaluate -8 - (13 - 9) - -13 - (44 - 121).
78
(-1 - -7) + (-34 - (-18 - 2)) + 16 + 7
15
What is the value of -306 + 346 - (30 - 1) - 2?
9
Evaluate -65 + 36 + (3 - 34) + (1 - 3).
-62
What is (25 - (194 + -184 - (5 - 1))) + 0?
19
Calculate ((-1 - -1 - 3) + 2 - (-271 - -263)) + 10.
17
What is the value of 1884 - 1969 - (1 - 16)?
-70
What is (-46 - (-39 + 57)) + (-25 - -10)?
-79
-75 - ((45 - 182) + 133)
-71
What is -36 - -13 - (-76 - -47)?
6
What is 149 - 90 - (-47 + 6)?
100
Evaluate (-4 + 5 - -2) + 24 + -45 - -81.
63
What is (-6 - -13 - 2) + 33 + -1 - (-13 - -20)?
30
Calculate 0 - (5 + -11 + -5) - (-98 + (-10 - -6)).
113
12 + -158 - (-2 - 0) - (-84 - (-134 - -39))
-155
(-14 - (19 - 5 - -56)) + 15
-69
Calculate -14 + 1 + -80 - (4 + 10 + -6).
-101
Calculate -66 + -1 + 0 + 1 + 0 + (107505 - 107492).
-53
Evaluate -12 - (57 - (-14 + 5 - -3)) - (2 - 14).
-63
-19 - (-20 - (-32 + (52 - 23)))
-2
(-124 - -57) + (-9 - 18)
-94
Calculate -1 - 3 - (19 + 24 - 7).
-40
What is (-5 + 26 - -8) + 2 + -3 + 9?
37
What is the value of -12 + (-8 + 15 - 0) + 10 + -33 + 24?
-4
Calculate 6 + (-19 - (-10 + (-16 - -15))).
-2
What is the value of 6 - (-12 - (5 + -15) - 51)?
59
What is (-6 + 3 - 47) + 7 + (10 - 34)?
-67
What is the value of -284 + 322 + (-1 - -4 - (-3 - -2)) + 1?
43
What is 7 + 12 + -4 - 22 - (-2 + 10)?
-15
Evaluate -58 - (60 + (-22 - (23 + -21))).
-94
Calculate (84 - 107 - -165) + -107.
35
Calculate -8 + -4 + 0 + (358 - 327).
19
What is 30 + -11 + -27 - ((0 + 0 - -3) + -8)?
-3
69 - 35 - 9 - 39
-14
What is -12 - (483 + -495 - (91 - -2 - 1))?
92
Calculate -13 + -1 + 1938 + -1955.
-31
What is -30 + -65 + 26 + 39?
-30
What is the value of -43 + 1 + -31 + 18?
-55
Evaluate -59 + 38 + (-20 - -10).
-31
Evaluate -178 + 27 + 19 + 7 + 43.
-82
Calculate 2 + -20 + (8 + -21 - 4) + 26 - -54.
45
What is the value of ((28 - 13) + -7 - 4) + (0 - -4) + 5?
13
What is the value of 17 + 0 + (-24 + -8 - -29)?
14
What is the value of 8 - (-2 + (15 - (10 - 1)) + 11)?
-7
Evaluate 13 + (-31 - (-75 + 46)).
11
Evaluate (-8 - -16) + (-17 - -38) + -27 + -32.
-30
What is 1750 + -1827 - (-80 + 0)?
3
-39 + (-32 - (-8 - (52 + -25)))
-36
Calculate 32 + (53 - 41) - 38 - (-5 + -1).
12
Evaluate (-13 - -2) + (1 + 36 - -3) + -7.
22
What is (-29 - -7) + (5 - -7) + 4 - -33?
27
Evaluate (-35 - 34) + 23 - -14.
-32
(1 + -1 - 71) + (4 - 24 - -35) + -11
-67
What is the value of 119 - (328 - 190) - (3 + -84 - -3)?
59
What is the value of 37 + (24 - (14 + -9 - -8))?
48
What is the value of 12